?
True
Is 25894977 a composite number?
True
Is 128554411 a prime number?
True
Is 5439899 a prime number?
True
Is 4864726 a prime number?
False
Is 8920243 a composite number?
False
Is 4281883 prime?
False
Is 101832439 composite?
False
Is 19678591 a prime number?
True
Is 39550817 a prime number?
False
Is 13874347 a prime number?
False
Is 381887719 composite?
False
Is 387511 a prime number?
False
Is 2000779 a composite number?
True
Is 927287 a prime number?
True
Is 23361551 prime?
False
Is 1100503 prime?
True
Is 1078643 composite?
False
Is 241191791 a composite number?
False
Is 55789133 composite?
False
Is 454483 composite?
False
Is 2359913 prime?
False
Is 74248721 prime?
False
Is 8176309 composite?
False
Is 1464899 prime?
True
Is 81610129 prime?
True
Is 5076079 composite?
True
Is 228829 prime?
True
Is 43128797 composite?
True
Is 55263623 a prime number?
True
Is 219187 a prime number?
True
Is 46998037 a prime number?
True
Is 1731311 a composite number?
False
Is 2195047 a composite number?
False
Is 379388003 prime?
False
Is 1789621 a composite number?
False
Is 5309539 prime?
True
Is 17159 a prime number?
True
Is 759587 a prime number?
False
Is 188819809 composite?
True
Is 9453079 composite?
False
Is 32886401 a composite number?
False
Is 3043373 a prime number?
False
Is 793279 a composite number?
False
Is 3193213 prime?
True
Is 167199143 composite?
True
Is 10765201 composite?
True
Is 380166889 a prime number?
False
Is 51642401 prime?
True
Is 7757697 a prime number?
False
Is 15972497 a composite number?
False
Is 3777283 a prime number?
True
Is 214941331 prime?
False
Is 97538369 a prime number?
False
Is 3574897 a prime number?
True
Is 20506007 composite?
True
Is 490662961 prime?
True
Is 210517 a prime number?
False
Is 22614613 a composite number?
True
Is 6606673 prime?
True
Is 1048871 prime?
False
Is 5424361 composite?
True
Is 153623 a composite number?
False
Is 9224671 a prime number?
False
Is 6545127 a composite number?
True
Is 317483 composite?
False
Is 26194151 a composite number?
False
Is 1663037 prime?
False
Is 174273839 prime?
True
Is 164911 composite?
False
Is 26270393 composite?
True
Is 390433 a prime number?
True
Is 537547 a prime number?
True
Is 15863349 composite?
True
Is 237877 a prime number?
True
Is 38182267 prime?
False
Is 184505263 composite?
True
Is 1859149 a composite number?
True
Is 926617 composite?
False
Is 31589449 prime?
False
Is 154274 prime?
False
Is 2476685 composite?
True
Is 41667919 composite?
True
Is 1431445 a composite number?
True
Is 22331383 a prime number?
False
Is 825647 a composite number?
False
Is 2006573 a composite number?
False
Is 330653 a composite number?
False
Is 210325613 composite?
True
Is 48621389 prime?
False
Is 93061 a composite number?
True
Is 44616031 composite?
False
Is 5909347 composite?
True
Is 573659 a prime number?
False
Is 2194811 prime?
True
Is 139103849 prime?
False
Is 32656961 composite?
False
Is 574667 a prime number?
True
Is 523345061 prime?
True
Is 11630671 composite?
True
Is 946733 composite?
False
Is 10001989 composite?
True
Is 199586081 a prime number?
True
Is 598031131 a composite number?
False
Is 22618147 a composite number?
False
Is 64499397 a composite number?
True
Is 4957529 prime?
True
Is 4145935 a composite number?
True
Is 580858 a prime number?
False
Is 506346677 a composite number?
True
Is 216871 composite?
True
Is 526572911 a prime number?
True
Is 3611771 a composite number?
False
Is 4053031 composite?
True
Is 126587507 prime?
True
Is 10508263 a composite number?
True
Is 6066941 a prime number?
True
Is 2870171 a prime number?
True
Is 73754 a composite number?
True
Is 99343943 composite?
True
Is 21431 composite?
True
Is 383349381 prime?
False
Is 60093721 a composite number?
False
Is 92557781 prime?
True
Is 21662647 composite?
True
Is 6663257 a prime number?
True
Is 11478037 a composite number?
True
Is 73857781 prime?
False
Is 37143221 prime?
False
Is 1498369 composite?
True
Is 1270889 a prime number?
False
Is 58259983 a prime number?
False
Is 5826823 composite?
True
Is 16316143 prime?
True
Is 452714 a composite number?
True
Is 181577333 a prime number?
False
Is 1042596857 a prime number?
True
Is 10311541 composite?
True
Is 381490357 a composite number?
False
Is 5670583 a prime number?
False
Is 40088483 prime?
True
Is 62471653 prime?
True
Is 4598753 composite?
True
Is 3205589 prime?
True
Is 69152309 composite?
False
Is 836851 a composite number?
True
Is 89356331 a prime number?
True
Is 516704519 composite?
True
Is 56966449 a composite number?
False
Is 255074977 prime?
False
Is 187573601 a composite number?
True
Is 30818131 composite?
False
Is 7543097 a composite number?
False
Is 3421321 a prime number?
True
Is 133091779 prime?
False
Is 947299 a prime number?
True
Is 13774477 a composite number?
True
Is 12858151 a composite number?
True
Is 319639 a composite number?
False
Is 31010651 prime?
False
Is 54554957 a composite number?
False
Is 26455729 composite?
False
Is 3952181 prime?
True
Is 2851903 a prime number?
False
Is 2798399 a prime number?
False
Is 72900433 a composite number?
True
Is 180654251 composite?
False
Is 3280331 composite?
True
Is 3342149 a composite number?
True
Is 48699967 prime?
True
Is 10278529 a prime number?
False
Is 258578131 a composite number?
True
Is 2084749 a prime number?
True
Is 125580451 prime?
True
Is 246814739 a prime number?
True
Is 947497235 prime?
False
Is 1841969 a composite number?
False
Is 9664091 a prime number?
True
Is 181503539 a composite number?
True
Is 162881669 prime?
True
Is 15446363 composite?
True
Is 6249199 prime?
False
Is 24923981 a composite number?
False
Is 267540359 prime?
False
Is 461113 a composite number?
True
Is 1654097 composite?
True
Is 34082429 a composite number?
False
Is 23627999 a composite number?
False
Is 667977 prime?
False
Is 182240507 a prime number?
True
Is 1016489 a composite number?
False
Is 6126233 prime?
False
Is 348149 a composite number?
False
Is 76400603 a prime number?
False
Is 31633187 composite?
True
Is 15028423 prime?
True
Is 648953 a prime number?
True
Is 763993 a prime number?
False
Is 5506723 a composite number?
True
Is 583853 a prime number?
True
Is 1455001 a composite number?
True
Is 191220359 a composite number?
True
Is 12482741 a prime number?
True
Is 41258733 prime?
False
Is 501931 composite?
False
Is 23936063 a prime number?
False
Is 1740279 prime?
False
Is 265568021 a composite number?
False
Is 5313881 a prime number?
True
Is 1920821 a prime number?
False
Is 14943277 a composite number?
False
Is 10240574 a prime number?
False
Is 4831987 a composite number?
False
Is 378648221 prime?
False
Is 1264177 composite?
False
Is 143962807 composite?
True
Is 11503663 a prime number?
False
Is 502257043 composite?
False
Is 597143 prime?
False
Is 260244947 composite?
True
Is 84907919 composite?
True
Is 185726659 composite?
False
Is 213475303 a composite number?
False
Is 7089455 composite?
True
Is 6069023 prime?
True
Is 9766549 a composite number?
True
Is 8264359 composite?
True
Is 25438691 prime?
True
Is 74827369 prime?
True
Is 49070873 composite?
True
Is 9044699 composite?
False
Is 254897 prime?
False
Is 191199893 composite?
True
Is 2927917 prime?
True
Is 15720779 prime?
True
Is 18387587 a prime number?
False
Is 250093 a composite number?
True
Is 16311629 a composite number?
True
Is 40045037 a prime number?
True
Is 2196265 a prime number?
False
Is 4046579 a composite number?
True
Is 6587 a prime number?
False
Is 18536071 a prime number?
False
Is 1378709 a prime number?
False
Is 44579 composite?
False
Is 537575329 prime?
False
Is 16417119 composite?
True
Is 66252127 a composite number?
True
Is 88781831 a prime number?
True
Is 434317 prime?
False
Is 55310113 a prime number?
True
Is 22875361 a composite number?
True
Is 548917 a composite number?
True
Is 6454919 prime?
False
Is 84059 prime?
True
Is 64109 composite?
False
Is 33583603 prime?
True
Is 379567607 a composite number?
False
Is 19863005 prime?
False
Is 2070391 prime?
False
Is 62238893 a prime number?
True
Is 18201523 composite?
True
Is 18436751 composite?
True
Is 140345489 a composite number?
True
Is 146905897 composite?
False
Is 251863 a composite number?
True
Is 38741587 composite?
False
Is 285176558 prime?
False
Is 57623191 a composite number?
F